+ 2*z(i). Let t be f(-24). What is the highest common divisor of 39 and t?
39
Suppose 76*a - 165*a = -82*a - 2758. What is the greatest common factor of a and 22655?
197
Let h = -49 - -51. Suppose -3*c - n = -330, 2*c = -0*c - h*n + 216. Calculate the highest common divisor of c and 3.
3
Suppose -i + 1 = -5. Let c be 5 + (-33)/6 + (-21)/(-14). Let n be (81/108)/(c/12). Calculate the greatest common factor of n and i.
3
Suppose -6*x = -2*x - 128. Let d be (2 - 0/(-10)) + 63*1. Suppose 4*g - x = -f, -2*g + 7*g = 5*f + d. Calculate the highest common factor of 81 and g.
9
Let k = 21 - 29. Let s be k/(-10)*1*500. Suppose -s = -3*y - 2*y. What is the highest common divisor of y and 32?
16
Let w(x) = x**3 - 22*x**2 + 48*x + 8. Let f be w(20). Let k be 3 - (33*-7 - f/28). Calculate the highest common divisor of k and 30.
30
Let h = 13022 - 9473. What is the greatest common factor of 42 and h?
21
Let n be -7 - (-297)/6 - (-2)/4. Suppose -11*t + 3413 = -1790. Calculate the greatest common divisor of t and n.
43
Let h = -2600 + 2601. Let g(c) = c**2 + 2*c - 3. Let m be g(-4). Suppose 0 = -i + 2*r + 7, 5*i - 43 + 3 = m*r. Calculate the greatest common factor of h and i.
1
Let p(j) = -39*j + 374. Let f be p(8). Calculate the highest common divisor of f and 112.
2
Let s be ((-27)/9)/(1/(-2)). Let w be (0 - -2) + (-9 + 3)/s. Let t be ((-133)/7 + -5)/(w + -3). Calculate the greatest common divisor of 16 and t.
4
Let g(b) = 52*b**2 + b + 1. Let c be g(-1). Let s be (-9)/(-24) + (9 - 59751/(-216)). What is the highest common factor of c and s?
26
Suppose -15*f + 40*f = 275. Suppose -3*l + 6 = -2*h - 9, -l + 4*h + 15 = 0. Suppose 127 = l*b - 38. Calculate the greatest common divisor of f and b.
11
Let d(k) = -623*k**3 - 4*k**2 - 4*k - 2. Let s be d(-1). Let q = s + -544. Calculate the greatest common divisor of q and 143.
11
Suppose 0 = 7*o + 15 + 20. Let k(i) = i**2 - 2*i - 5. Let t be k(o). Suppose 73*d = 68*d + t. Calculate the greatest common divisor of d and 10.
2
Suppose 729 = -2*n - 3*c + 2654, -2*c = -10. Let p be (1/(-2))/(n/(-320) - -3). Let h = p - -40. What is the greatest common factor of h and 4?
4
Let q be -2 + (-81)/(-42) + -11 + 115260/168. Calculate the highest common divisor of q and 54.
27
Let x(z) = z + 24. Suppose 0 = -m - 4*v - 26, -v - 85 = 5*m + 4*v. Let b be x(m). Calculate the greatest common factor of b and 60.
10
Let u be 21854/1813 + -12 + 3326/74. What is the greatest common divisor of 3090 and u?
15
Let b be 20/260 + (144/(-208))/(6/(-8)). Calculate the greatest common divisor of 781 and b.
1
Let o be -1 - (-4)/12*3. Let s = 14 + o. What is the greatest common factor of 112 and s?
14
Suppose 1486 = -65*g + 9676. What is the highest common divisor of g and 54?
18
Suppose 1122 = 13*i + 1096. Let f = -16 + 18. What is the highest common divisor of i and f?
2
Let y be -844*705/(-30) + 18. Calculate the greatest common divisor of y and 28.
28
Let b(k) = -63*k - 330. Let w(p) = -8*p - 41. Let h(l) = -4*b(l) + 33*w(l). Let a be h(-11). What is the greatest common divisor of 1089 and a?
99
Let j(f) = -f**3 - 8*f**2 + 101. Let t be j(-9). What is the highest common divisor of t and 598?
26
Suppose -2*o + 3*k = -54, 3*o - k - 105 = -45. What is the greatest common divisor of 9810 and o?
18
Let w = 37839 - 37353. Let h = 17 + -8. What is the greatest common divisor of h and w?
9
Let a = -8960 - -12812. Calculate the greatest common divisor of 108 and a.
36
Let x(c) = -17*c - 40. Let p = -233 - -229. Let m be x(p). Calculate the highest common divisor of m and 140.
28
Let g be 5 - -79*(1 + 2 + (-55 - -53)). Let r = -1 + 1. Let f be 2 - 2 - -21 - r. What is the greatest common factor of g and f?
21
Suppose -46 = -2*g - 5*t, t = 2*g - t - 18. Suppose -3*j + g = 4. What is the greatest common divisor of j and 7?
1
Suppose 33*o - 14*o - 5*o - 4704 = 0. What is the greatest common divisor of o and 144?
48
Let a(t) = -t**2 - t - 58. Let d be a(0). Let b = -34 - d. Let x be (b/(-10))/(1/((-60)/9)). Calculate the highest common divisor of x and 176.
16
Suppose 0 = h - 2*l - 39, 0*l = 2*h - l - 66. Let r(o) = 48 - 61 - 24 + 4*o**2 - 129*o. Let n be r(33). Calculate the greatest common factor of n and h.
31
Let m(u) = 4*u**2 - 33*u + 20. Let v be m(8). Let g be 20*v*1/10. Calculate the highest common divisor of g and 24.
24
Suppose 187*k = 131*k + 189056. What is the greatest common divisor of 16 and k?
16
Suppose 119*s - 197884 = -159905 + 195023. Calculate the highest common factor of s and 356.
178
Suppose 3*j + 4*s - 9*s = 12, -4*s = -j - 3. Suppose 3*f = 4*f - 12. What is the highest common divisor of f and j?
3
Let c(i) = -14*i - 30. Let q be ((-168)/30)/(-4)*-5 - -2. Let n be c(q). Calculate the greatest common divisor of n and 260.
20
Suppose y = 3*o + 46, 0 = -5*o + 1 + 19. Calculate the greatest common factor of y and 1305.
29
Let j(o) = 15*o**3 + 1. Let s be j(-1). Let r(t) = -41*t + 12. Let q be r(s). Suppose -q = -6*v + 14. Calculate the highest common factor of v and 75.
25
Suppose -2*y = -u + 16, 3*u - y = y + 28. Suppose 2*w + 4 = u. Let d(g) = -16*g - 25. Let v be d(-2). Calculate the greatest common divisor of w and v.
1
Let v = 15702 - 15691. Calculate the greatest common factor of 85 and v.
1
Let j be -1*(-44)/66 + 514/3 + 2. Calculate the greatest common divisor of j and 58.
58
Let t(c) = -c**2 - 85*c - 862. Let b be t(-12). Calculate the highest common factor of 27398 and b.
14
Suppose -4*a = -3290 - 1318. Calculate the greatest common divisor of 72 and a.
72
Let r(a) = -a**2 + 7*a - 9. Let d be r(5). Let k(j) = 4*j + 1. Let b be k(d). Let i be 2/2*10 - b/5. Calculate the highest common divisor of i and 72.
9
Suppose 7854 = 14*s - 15*s + 23*s. Calculate the greatest common factor of s and 85.
17
Suppose 3*y + 5*d + 2295 = 0, -y - 3*d + 3825 = -6*y. Let i = -681 - y. Calculate the highest common divisor of 60 and i.
12
Suppose 0 = -4*i - 5*t + 18300, -2*i = 5*t - 2*t - 9152. What is the greatest common divisor of 10 and i?
10
Let f(d) = 31*d**2 - 37*d + 30. Let z be f(-16). Calculate the greatest common divisor of z and 22.
22
Let r(v) = -11504*v**3 - 5*v**2 - 12*v - 7. Let b be r(-1). Calculate the greatest common divisor of 32 and b.
16
Suppose 5*i - 27 - 3 = 0. Let l be (5 - i)*(-3)/((-9)/(-12)). Calculate the greatest common factor of l and 8.
4
Let d be 3 - 19/((-19)/53). Calculate the greatest common divisor of 1526 and d.
14
Let v = -25 + 65. Suppose 0 = -x + 5*n - 19, -2*n + v = -6*x + 11*x. Let i be x/15 + 969/15 - -1. Calculate the greatest common factor of i and 22.
22
Let n(c) = 13*c - 14 + 10*c + 3. Let l be n(6). Suppose 8*f = -l + 631. What is the highest common factor of f and 9?
9
Let w be 1320/56 - (-6)/14. Suppose -4*u + q = -36, u - 3*u + w = -2*q. Suppose -u*j + 7*j = -4. Calculate the highest common factor of 4 and j.
4
Let x(s) be the third derivative of 2*s**4/3 - 46*s**3/3 - 3*s**2 - 4. Let a be x(6). Calculate the greatest common factor of a and 1.
1
Suppose 0 = -4*n, -4*c + 104 = -n - n. Suppose -40*d + 1766 = -1354. What is the highest common factor of d and c?
26
Let u = 842 + -827. What is the greatest common divisor of u and 115?
5
Suppose -3*r = 1341 - 1446. Calculate the greatest common factor of 115 and r.
5
Let v be 228 + ((-14)/6 - (-35)/(-21)). What is the greatest common factor of 2492 and v?
28
Let u = 506 - 344. Suppose -m - m - b = -66, -5*m + u = 4*b. Calculate the highest common divisor of 374 and m.
34
Let p = 16 + -1. Let t be (-1 + 21/p)/(1/85). Suppose 0 = 4*w - 3*d - 68, -w = -2*w + 5*d + 17. Calculate the greatest common divisor of t and w.
17
Suppose -11*h - 3*h - 7280 = 0. Let d be (h/(-39))/((-2)/(-18)). What is the highest common factor of 10 and d?
10
Let v be ((-188)/47*(-3)/8)/((-21)/(-71554)). Calculate the greatest common divisor of v and 38.
19
Let x = -175 + 178. Suppose 2*t = -x*a + 39, 0 = -3*a + 5*t + 68 - 8. Calculate the highest common factor of 15 and a.
15
Let h = 4081 - 4039. What is the highest common divisor of 896 and h?
14
Let r be (-548)/(-10) - 53/(-265). Let t = 58 - r. Suppose 3*x - 32 = -0*x - 5*o, 2*x + 2*o - 20 = 0. Calculate the highest common divisor of x and t.
3
Let k(h) = -97*h - 68. Let i be k(5). Let z = i - -852. What is the greatest common